= y, 3*d - 3 = 0. What is the highest common divisor of 5 and p?
5
Let n(s) = s**3 - s + 9. Let i be n(0). Let g(c) = -19*c + 1. Let w be g(-1). Suppose 3*m = 196 + w. What is the greatest common divisor of m and i?
9
Suppose -g + 2*g = 0. Suppose q - 3*q = g, 0 = -k - 4*q + 3. Suppose -6*s = -k*s - 21. Calculate the highest common divisor of 63 and s.
7
Let y = -27 + 88. What is the greatest common divisor of y and 427?
61
Suppose -2*l + 2*s = -2*s - 72, -132 = -5*l - 2*s. Suppose h - 123 = -l. Calculate the greatest common divisor of 19 and h.
19
Let x be (-5)/((-1)/(144/30)). What is the greatest common divisor of 372 and x?
12
Let b(w) = 8*w**2 + 9*w + 12. Let o be b(-2). Calculate the highest common factor of o and 416.
26
Let r = -19 + -21. Let t be (r/(-3))/((-2)/(-6)). Calculate the greatest common factor of 10 and t.
10
Suppose -2*d + 10 = 0, 6*c - 3*c + d = 29. Suppose v - 2 = 3*v, 4*f - 162 = 2*v. Suppose -o = -f - c. Calculate the highest common factor of o and 12.
12
Let u be ((-45)/(-2) - 34/68) + 4. Suppose -2*o + 450 = -122. Calculate the highest common factor of u and o.
26
Let b(d) = -5*d**3 - 3*d**2 + 5*d + 7. Let h be b(-1). What is the greatest common divisor of h and 164?
4
Let a(w) = -13*w + 604. Let v be a(40). Calculate the highest common factor of 66 and v.
6
Suppose -2*a - 67 = 2*w - 225, -99 = -w - 5*a. Suppose 1 = 5*o - w. What is the highest common factor of 5 and o?
5
Suppose f - 115 = -5*x + 142, 0 = 5*f + 15. Calculate the highest common divisor of x and 143.
13
Suppose -11*z + 10*z - 1 = 0. Let q be (-12)/(-8) - z/(-2). Let t = q - -26. Calculate the highest common divisor of 297 and t.
27
Let i = 1004 + -787. Calculate the highest common factor of i and 14.
7
Let g = 1475 + -1451. What is the highest common divisor of 78 and g?
6
Let g be -6*(30/(-9))/5. Suppose p - 43 - 39 = -g*f, 0 = f - 4*p - 12. Calculate the greatest common factor of 30 and f.
10
Suppose 3*b - 2*p + 3 = p, 3*p + 5 = b. Let s be (1 + b/12)*75. Suppose -m = -153 - s. Calculate the highest common divisor of m and 29.
29
Let f = 2249 - 361. Calculate the highest common divisor of f and 32.
32
Let z be (-70)/84 - (-519)/18. What is the highest common divisor of 140 and z?
28
Let o be ((-95)/15)/(2*(-1)/12). Suppose -53 = -h - o. What is the highest common divisor of 35 and h?
5
Let x = 34 - 22. Let n(r) be the first derivative of -r**4/4 + 3*r**3 + 5*r**2/2 - r - 1. Let t be n(7). What is the highest common factor of t and x?
12
Let y = -1767 + 1830. Calculate the highest common divisor of y and 84.
21
Suppose -4*y + 617 = x, 17*x + 592 = 4*y + 13*x. Calculate the highest common divisor of y and 34.
17
Let u be (-1 + -47)/(9 + (-5 - 6)). What is the greatest common factor of 696 and u?
24
Let u(q) = 42*q**3 - q. Let i be u(1). Suppose 0 = -3*w + 3*c + 609, -w + 10*c = 11*c - 207. What is the highest common factor of i and w?
41
Suppose -6298 - 15334 = -26*s. What is the greatest common factor of 13 and s?
13
Let w(z) = z**2 - 3*z + 1. Let d(i) = i**3 - 5*i**2 - 4*i - 9. Let x be d(6). Let c be w(x). Calculate the highest common factor of 7 and c.
1
Let o = 251 - -70. Calculate the greatest common divisor of o and 856.
107
Let w = -82 + 86. Suppose -3*d - 68 = -q, -7*q - 5*d = -w*q - 204. Calculate the highest common divisor of q and 4.
4
Suppose 33*r = -29*r + 1302. What is the highest common factor of 273 and r?
21
Let v = -370 - -439. Calculate the greatest common divisor of v and 621.
69
Let t = 24 + -12. Suppose 168 = 60*a - 53*a. Calculate the highest common divisor of a and t.
12
Suppose -22 = -9*z + 8*z - 4*a, 0 = 2*z - 5*a - 109. Calculate the greatest common divisor of 126 and z.
42
Let o(t) = 0*t + 30 + t + 7*t - t**2 + 11*t. Let s be o(20). Suppose 3*n + l + 0*l = 10, 3*n = 4*l + 20. Calculate the highest common divisor of n and s.
2
Let x = -51 - 16. Let z be x/(-3) + 3/(-9). Let t = 38 - z. What is the highest common divisor of 24 and t?
8
Let o = -13 - -19. Let q(g) = -g**3 + 2*g**2 + 5*g - 5. Let u be q(3). What is the greatest common factor of u and o?
1
Let m(h) = 5*h - 11. Let x be m(-2). Let c be (-4)/(1/(1 + x/6)). What is the highest common factor of 50 and c?
10
Let x be 2*(-3)/3 + 4. Let v(f) = -4 + 5*f - 3*f + 7*f**2 + 2. Let k be v(x). What is the highest common divisor of 6 and k?
6
Let v be (2/5)/((-1)/(-5)). Suppose w + 4 = z, -z - w = -2 - v. What is the greatest common factor of z and 28?
4
Suppose 0 = -4*z - 4*f - 156, -2*z + 0*z = -4*f + 48. Let l = 21 - z. What is the greatest common divisor of 11 and l?
11
Suppose 2*b = j + 1016, 68*b + j = 63*b + 2554. Calculate the highest common factor of b and 102.
102
Let n(s) = 22*s + 81. Let c be n(-3). Calculate the highest common factor of 705 and c.
15
Suppose -252 = -v - 4*w, -2*v + 742 = v + 5*w. Suppose 7*q = -55 + v. What is the highest common divisor of 18 and q?
9
Let p = 1063 - 923. Calculate the highest common divisor of 196 and p.
28
Let l = 256 + -77. Suppose 4*b + 66 = v, 3*v - l + 45 = -4*b. Calculate the greatest common factor of v and 10.
10
Let o = -237 + 282. What is the highest common divisor of o and 495?
45
Suppose -2*a = -8 - 56. Let v = a - 38. Let b be 2 + v - (5 - 18). What is the greatest common divisor of b and 1?
1
Let a be (-417)/(-6) - (-3)/6. Let o(w) = w**2 + 22*w - 84. Let n be o(-26). What is the greatest common divisor of a and n?
10
Let u = -17 + 34. Calculate the greatest common factor of 4 and u.
1
Let x be -1 + 1 + -2 + 5. Let p(i) = i. Let f(s) = 2*s + 9. Let k(a) = x*p(a) - f(a). Let b be k(15). What is the highest common divisor of 2 and b?
2
Suppose m - 37 = -0*m. Let b = -68 + m. Let z = -7 - b. Calculate the highest common divisor of 16 and z.
8
Let d be 5/30 + (-339)/(-18). Suppose -15*r + d*r - 192 = 0. Let c = -44 - -76. What is the highest common divisor of c and r?
16
Let k(j) = -j**3 - 9*j**2 + 10*j + 5. Let a be k(-10). Suppose -30 = 2*h - a*h. Calculate the greatest common factor of 5 and h.
5
Suppose -3*j = -j - 10. Suppose 3*k - 115 = 5*n, k - 2*k + 41 = -3*n. What is the greatest common factor of k and j?
5
Let v be 10/35 + (-5)/(-7). Suppose -7 = -2*t + v. Suppose -t*h + 10 = -6, -4*h = -n - 11. What is the greatest common factor of n and 25?
5
Suppose 0 = -5*o + 5*j + 174 + 191, 0 = -5*o + 2*j + 359. Suppose 7 = 2*n - o. What is the greatest common divisor of 3 and n?
3
Let f(c) = -7*c + 100. Let x be f(-20). Calculate the highest common factor of x and 60.
60
Suppose -l + 15 = -0*l. Let z(u) = -2*u**2 + 32*u - 21. Let i be z(l). What is the greatest common factor of i and 18?
9
Let l be 13 + (3 - 2)*-1. Suppose 120 = z + 3*c, -14*z + c = -16*z + 220. Calculate the greatest common factor of z and l.
12
Let i(v) = 5*v + 10. Let n be i(5). Suppose n + 40 = 3*j. What is the greatest common factor of j and 100?
25
Let c = 12 - 2. Let b(d) = 2 - 22*d - 31*d + 2. Let q be b(-2). What is the greatest common factor of q and c?
10
Let l = -15 - -47. Let i(k) = 2*k**3 + 4*k - 3. Let m be i(1). Suppose -p = -5*z - m*p + 86, 92 = 5*z + 4*p. Calculate the highest common factor of z and l.
16
Suppose 2*t - 77 = 35. Let q = 14 + -7. Let v be -4 + q - 1 - -6. Calculate the highest common factor of t and v.
8
Let f be (-3)/(-7) + 825/35. Suppose f = 2*g + 4. Let l(j) = 5*j - 10. Let w be l(7). What is the highest common factor of g and w?
5
Suppose 4*g - 3*u = 261, 12*g - 2*u = 8*g + 262. Calculate the greatest common factor of g and 88.
22
Let q be 3*10/(-3)*-2. Let c = -14 - -29. Suppose c = o + 2*o. Calculate the greatest common factor of q and o.
5
Suppose 2*q + 5*s = -q - 17, s = 4*q + 15. Suppose 0 = 4*b - 618 - 646. Let t be b/36 - q/18. Calculate the greatest common divisor of t and 9.
9
Let k be ((-880)/77)/(8/(-28)). Let c = 22 + -6. Calculate the greatest common divisor of c and k.
8
Let a be 12/(6/12 + (-6)/16). Let q be (8/(-5))/((a/(-150))/8). Calculate the highest common divisor of 10 and q.
10
Let f be 818/12 - (-46)/(-276). Let v be (-1)/(-2) - 4485/(-6). What is the highest common divisor of f and v?
68
Let r = 17 - -2. Let s = -48 + 67. What is the greatest common divisor of s and r?
19
Let g = 31 + 21. Suppose -z + g = z. Let x = -13 + z. What is the greatest common divisor of x and 13?
13
Let i be (-15